+ 17. Determine k(p).
0
Let v(x) = 2*x**2 - 4*x - 4. Let n(r) = -r**2 + 6*r - 4. Let d be n(4). Calculate v(d).
12
Let v(o) be the third derivative of o**5/6 + o**4/24 + 17*o**2. What is v(-1)?
9
Let g(u) = -u**2 + u + 2. Let d be g(0). Let t(i) = -2*i**2 + 0*i**2 - i**d - 4 + 2*i**2 + 6*i. Give t(5).
1
Let s(u) be the first derivative of 0*u + 0*u**2 - 1/60*u**5 - 1/8*u**4 - 3 - u**3. Let r(f) be the third derivative of s(f). Calculate r(-4).
5
Let h be (-4)/(-6)*-3 - -7. Let f(m) = m**2 - 5*m - 7. What is f(h)?
-7
Let j(c) = 12*c + 6. Let k(n) = -22*n - 11. Let d(x) = -7*j(x) - 4*k(x). Determine d(2).
10
Let j = 12 - 16. Let d(v) be the third derivative of v**4/24 - v**3/3 + 14*v**2. Calculate d(j).
-6
Suppose -15 + 9 = -6*k. Let g(r) = r**2 + 2*r + 3. Let p(z) = 3*z + 4. Let f(h) = 3*g(h) - 2*p(h). Let j(v) be the first derivative of f(v). Determine j(k).
6
Let f(j) be the first derivative of 5*j**2/2 - j + 36. Determine f(3).
14
Let f(z) = -2*z**2 + 13*z + 5. Let x be f(7). Let n(q) = -5*q + 3. Let t(g) = 3*g - g + 4*g - 4. Let v(u) = x*t(u) - 3*n(u). Give v(1).
2
Suppose 0 = -5*f + 3*f - 10, 0 = 2*i - f - 13. Let r(x) be the first derivative of -3 - 1/2*x**2 + 2*x. Determine r(i).
-2
Suppose 2*r = 3*r - 2. Let p(a) be the third derivative of -a**5/30 + a**4/8 - a**3/6 - a**2. What is p(r)?
-3
Let r(i) be the second derivative of -i**5/20 - 5*i**4/12 + i**3/6 + i. Let c be (-19)/4 + 6/(-24). Calculate r(c).
-5
Let l(b) = -1. Let o(w) = -w**2 + w - 4. Let y(r) = 4*l(r) - o(r). Let h(g) = -4*g**2 + 11*g - 2. Let a(i) = h(i) + 3*y(i). Give a(7).
5
Let u(n) = 16*n**3 - 31*n**2 - 11*n + 31. Let t(j) = -3*j**3 + 6*j**2 + 2*j - 6. Let h = -26 - -15. Let c(a) = h*t(a) - 2*u(a). Give c(4).
4
Let w(c) = c**2 + 2*c + 4. Let f be 2/((1 - -3)/(-12)). Let a be 44/(-10) - f/15. Calculate w(a).
12
Let q(v) = 2*v**2 + 4*v - 1. Suppose 3*u = 2*u + 5. Let c(o) = -2*o**2 - 1 + 2*o**2 + o**2 + 5*o + 2*o**2. Let w(k) = u*q(k) - 4*c(k). Give w(-1).
-3
Let t be ((-6)/12)/(1/(-8) + 0). Let h(n) = n + 6 - 2 - 2*n. Determine h(t).
0
Let a(x) = -2*x + 18*x**2 + x**3 - 1 - 14*x**2 - 3*x - 1. Calculate a(-5).
-2
Suppose -2*b + 0*b + 6 = 0. Let i(f) be the first derivative of -f**4/8 + f**3/2 - 7*f**2/2 - 7. Let j(x) be the second derivative of i(x). Calculate j(b).
-6
Let k be 2/(1/(14/4)). Let g(d) = -d + 9. What is g(k)?
2
Let m = -13 + 13. Let v(o) = m*o + 2 - 3*o + 0*o + 7*o. Determine v(-2).
-6
Let h(t) = t**2 + 5*t - 1. Let f = -7 + 3. Calculate h(f).
-5
Let s = -12 + 12. Let r(x) be the third derivative of 1/60*x**5 + s + 0*x + x**2 + 1/3*x**3 + 5/24*x**4. What is r(-5)?
2
Let s = -752 - -755. Let h(b) = 0 + 3 + 2*b**2 - 3*b**2. Calculate h(s).
-6
Let n(i) = -i**3 - 3*i**2 - 3*i - 3. Let h = -15 - -13. What is n(h)?
-1
Let b(a) = -2*a**2 + 2*a + 11. Let f(w) = -2*w**2 + w + 10. Let m(z) = -5*b(z) + 6*f(z). Calculate m(-4).
-11
Suppose -3*a + 2*r = -15, 0 = -4*a + 2*r - 4*r + 6. Let s(k) be the first derivative of k**2 - 2*k + 4. What is s(a)?
4
Suppose -2*g = 0, 3*w + 2*g = g + 15. Let q(l) = l**3 - 5*l**2 + 2*l - 6. Let o be q(w). Suppose 20 = -o*c - c. Let t(z) = z**3 + 4*z**2 + 5. What is t(c)?
5
Let f(c) = c + 1. Suppose -4*w - 2*s + 6 = 0, -4*w + 3*s = -0 + 9. Let x = 0 - w. Calculate f(x).
1
Let v(i) = -i - 8. Let y(x) = -2*x - 15. Let k(g) = 11*v(g) - 6*y(g). Let p = 5 + -1. Determine k(p).
6
Let y(n) be the second derivative of n**8/6720 + n**7/504 + n**6/360 + 7*n**5/120 + n**4/4 - n. Let x(s) be the third derivative of y(s). Give x(-5).
-3
Let d(f) = f**2 - 5*f - 5. Let o(v) = -v**2 - 2*v - 3. Let b be o(-2). Let h = 2 + b. Let n be h/(-1) + -1 + 5. Calculate d(n).
-5
Let f(t) be the second derivative of t**3/6 + 7*t**2/2 - 8*t. What is f(0)?
7
Let v(n) be the third derivative of n**4/24 - n**3/2 - 4*n**2. Calculate v(3).
0
Suppose 12 = 5*t - 3. Let k(w) = -3*w**3 + w**3 - 2*w**2 + 2 - 2*w**2 - w + w**t. Give k(-4).
6
Let v be -4*(-2 - (0 + -1)). Let u be (5 - 4)*(0 - -5). Let g(f) = -6 - 5*f - 4*f**2 + 9 + u*f**2. Calculate g(v).
-1
Let g(h) = -2*h - 2. Let p be g(0). Let d(c) = -3*c**2 + 1 - 3*c**2 - c + 4*c**2. What is d(p)?
-5
Let u = -5 - -8. Let o(b) = b**3 + u*b - 4*b - 6*b**2 - 1 + 6*b**2. Suppose 3*q = 2*q - 2. Determine o(q).
-7
Let d(l) be the second derivative of -l**4/12 - 11*l**3/6 - 15*l**2/2 - 18*l. Give d(-10).
-5
Suppose 3*f = 2*f - 4. Let n(b) = b**2 + 4*b + 4. Determine n(f).
4
Let k(g) = -g**3 - 7*g - 4*g + 12*g. Calculate k(-1).
0
Let c(s) = -4 - s**3 + s**2 - 2*s - 7*s + 4*s**2 + 5*s. What is c(4)?
-4
Let w = 2 + -6. Let g(o) be the first derivative of 1/3*o**3 - o + 3/2*o**2 - 1. Calculate g(w).
3
Let r(o) = 17*o + 5. Let c(b) = -34*b - 11. Let y(f) = 4*c(f) + 9*r(f). What is y(1)?
18
Let q(t) = 3*t - 3. Let w = -5 + 7. Let f be 2 + 0 + (3 - w). Determine q(f).
6
Let f(a) = -6*a. Let d be f(1). Let u(i) = -i**2 - 6*i - 11. Let o(k) = -3. Let t(w) = 1. Let r(m) = -o(m) - 4*t(m). Let q(h) = d*r(h) + u(h). Calculate q(-6).
-5
Let v = 3 + -1. Let n(u) = 0*u**3 + u**3 + 2*u**2 - 3*u + 4 + 0*u**v. Suppose -3*s - 4*a - 12 = -3, 0 = 3*s + 3*a + 9. Give n(s).
4
Let z(w) = -w**2 + w. Let o = -11 - -16. Let i = o - -2. Let c = -7 + i. Calculate z(c).
0
Let d(k) be the second derivative of -6*k - 1/12*k**4 - 1/6*k**3 + 0 + 0*k**2. What is d(-4)?
-12
Let t = 73 + -79. Let i(z) = z**3 + 5*z**2 - 5*z + 8. Determine i(t).
2
Let v(n) = -3*n**2 + 3*n - 6. Let l(z) = -z**2 + z - 3. Let t(m) = -5*l(m) + 2*v(m). What is t(0)?
3
Suppose 3 = v - 2*v, -3*a + 81 = 3*v. Suppose 3*f + 5*b = -a, 6*b = 3*f + b. Let j(p) = -p - 6. What is j(f)?
-1
Let m = -3 + 5. Let d(q) = -q**3 + 2*q + 2*q + 0*q**m - q**2 + 1. Give d(-3).
7
Let l(r) = -5*r**3 + 5*r**2 + 4*r + 8. Let b(t) = 0*t - 2*t**3 + t**2 + t + t**3. Let f(d) = 4*b(d) - l(d). Let o(x) = -x**2 + 4. Let k be o(2). What is f(k)?
-8
Suppose 10 = -8*r + 3*r. Let l(y) = -2*y**2 + y. Let q(b) = 2*b**2 - b. Let j(v) = r*q(v) - 3*l(v). Let s = 4 - 2. Determine j(s).
6
Suppose -26 = 8*t - 13*t - 4*j, -4*j - 4 = 0. Let o(g) = -g**3 + 6*g**2 + 2*g - 1. Give o(t).
11
Let s(b) = b**2 + 6*b + 6. Let o = -2 - 2. What is s(o)?
-2
Suppose -2*f - 6 = -0*p - p, 5*p - 6 = -2*f. Let x(j) = 1 - 4*j**3 + 7*j**3 - 4*j**3. Calculate x(f).
9
Suppose -3*p = -7*p + 12. Let i(j) = 7*j**3 + 15*j**2 - j - 4. Let u(d) = 4*d**3 + 8*d**2 - d - 2. Let z(t) = p*i(t) - 5*u(t). Determine z(-4).
6
Let d be 30/4*4/(-6). Let i(n) = -2*n - 7. Let x be i(d). Let r(h) = h**2 - 2*h + 2. What is r(x)?
5
Let m(l) = 2*l**3 - 9*l**2 + 5*l - 3. Let t be m(4). Let p(v) = 6*v - 1. Give p(t).
5
Let y(w) be the third derivative of -w**5/60 - w**4/6 + 5*w**3/6 + 5*w**2 - 9. Suppose -2*g + 0*g + 6 = -2*q, q + 1 = 2*g. Determine y(q).
0
Let m(b) = -7*b + 10*b - 6*b + 2*b. Determine m(-9).
9
Let s(d) = -d**2 - d + 2. Let m be s(0). Let t(a) = a + 0 + a + m - a**2. What is t(4)?
-6
Let h(d) be the third derivative of -d**6/120 - d**5/12 - d**4/8 + 2*d**3/3 - d**2. What is h(-3)?
-5
Let x(f) = -2*f**3 + 5*f**2 + 6*f + 3. Let s(p) = -p**3 + p**2 + p. Let b(n) = -3*s(n) + x(n). Determine b(-2).
-3
Let k(u) = u**2 - 5. Let d = -1 + 0. Let z be 11 + -1 + d + -2. Suppose 3*c = z*c. Calculate k(c).
-5
Let a(y) = y**2 + 4. Let m be a(0). Suppose 0 = -2*x + m*x - 4. Let c(w) = -w**2 + 1. Let q(u) = u**2 + 2*u - 1. Let l(t) = -2*c(t) - q(t). Give l(x).
-1
Let f be 4*(-4 + (-33)/(-12)). Suppose -22 = -5*m - 2. Let b(o) = m*o - 3*o - 2*o. Calculate b(f).
5
Suppose 7*o - 10*o = 6. Let j(f) be the first derivative of -f - 1/3*f**3 + 2 + 1/4*f**4 - 3/2*f**2. Determine j(o).
-7
Let y(a) = 7*a + 4. Let w(z) = z + 1. Let t(u) = -6*w(u) + y(u). Give t(2).
0
Let a(u) = u**3 - u**2 - u - 8. Suppose s - 3 = -0*s. Suppose s*v = -v. What is a(v)?
-8
Let r(q) = q**3 + 2*q**2 + 2*q - 2. Let h be 5 + -7 - (-4)/(-2). Let x = -6 - h. Calculate r(x).
-6
Let c(i) = 1. Let q(t) = -2*t. Let w(r) = -3*c(r) - q(r). Let b = -37 - -52. Suppose 0 = 4*p - f - b, -5*p + 4 + 11 = -5*f. Determine w(p).
5
Let h(q) be the first derivative of 2*q**3/3 + q**2/2 + 42. Give h(-2).
6
Let t be (-12)/42 - (-2)/7. Suppose -3*r - 2*r + 15 = t. Let p(s) = -3*s + 2. Calculate p(r).
-7
Let g(l) = l**3 + 4*l**2 + 3. Let w be g(-4). Let b(y) = -y + 4*y**2 + 2*y + 2 + y**w + 3*y. Let f(p) = -p**2 + 2*p - 2. Let s 